{"id":1067,"date":"2022-05-28T22:01:54","date_gmt":"2022-05-28T20:01:54","guid":{"rendered":"https:\/\/plombier-regis.xyz\/?page_id=1067"},"modified":"2023-10-29T18:26:46","modified_gmt":"2023-10-29T17:26:46","slug":"entretien-chaudiere-a-gaz","status":"publish","type":"page","link":"https:\/\/plombier-regis.xyz\/index.php\/entretien-chaudiere-a-gaz\/","title":{"rendered":"Entretien chaudi\u00e8re \u00e0 gaz \ud83d\udd25"},"content":{"rendered":"\n<h1 class=\"wp-block-heading\">Chauffagiste Entretien chaudi\u00e8re \u00e0 gaz domestique<\/h1>\n\n\n\n<div class=\"wp-block-media-text alignwide is-stacked-on-mobile\" style=\"grid-template-columns:15% auto\"><figure class=\"wp-block-media-text__media\"><img data-recalc-dims=\"1\" loading=\"lazy\" decoding=\"async\" width=\"768\" height=\"1024\" data-attachment-id=\"509\" data-permalink=\"https:\/\/plombier-regis.xyz\/index.php\/chauffagiste\/img_1598\/\" data-orig-file=\"https:\/\/i0.wp.com\/plombier-regis.xyz\/wp-content\/uploads\/2022\/04\/IMG_1598.jpeg?fit=1536%2C2048&amp;ssl=1\" data-orig-size=\"1536,2048\" data-comments-opened=\"1\" data-image-meta=\"{&quot;aperture&quot;:&quot;1.6&quot;,&quot;credit&quot;:&quot;&quot;,&quot;camera&quot;:&quot;iPhone 12&quot;,&quot;caption&quot;:&quot;&quot;,&quot;created_timestamp&quot;:&quot;1636980059&quot;,&quot;copyright&quot;:&quot;&quot;,&quot;focal_length&quot;:&quot;4.2&quot;,&quot;iso&quot;:&quot;500&quot;,&quot;shutter_speed&quot;:&quot;0.02&quot;,&quot;title&quot;:&quot;&quot;,&quot;orientation&quot;:&quot;1&quot;}\" data-image-title=\"entretien appareils sanitaire\" data-image-description=\"&lt;p&gt;Remplacement chaudi\u00e8re a gaz pantin proximit\u00e9 paris 19&lt;\/p&gt;\n\" data-image-caption=\"\" data-medium-file=\"https:\/\/i0.wp.com\/plombier-regis.xyz\/wp-content\/uploads\/2022\/04\/IMG_1598.jpeg?fit=225%2C300&amp;ssl=1\" data-large-file=\"https:\/\/i0.wp.com\/plombier-regis.xyz\/wp-content\/uploads\/2022\/04\/IMG_1598.jpeg?fit=768%2C1024&amp;ssl=1\" src=\"https:\/\/i0.wp.com\/plombier-regis.xyz\/wp-content\/uploads\/2022\/04\/IMG_1598.jpeg?resize=768%2C1024&#038;ssl=1\" alt=\"Entretien Chaudi\u00e8re\" class=\"wp-image-509 size-full\" srcset=\"https:\/\/i0.wp.com\/plombier-regis.xyz\/wp-content\/uploads\/2022\/04\/IMG_1598.jpeg?resize=768%2C1024&amp;ssl=1 768w, https:\/\/i0.wp.com\/plombier-regis.xyz\/wp-content\/uploads\/2022\/04\/IMG_1598.jpeg?resize=225%2C300&amp;ssl=1 225w, https:\/\/i0.wp.com\/plombier-regis.xyz\/wp-content\/uploads\/2022\/04\/IMG_1598.jpeg?resize=1152%2C1536&amp;ssl=1 1152w, https:\/\/i0.wp.com\/plombier-regis.xyz\/wp-content\/uploads\/2022\/04\/IMG_1598.jpeg?w=1536&amp;ssl=1 1536w\" sizes=\"auto, (max-width: 768px) 100vw, 768px\" \/><\/figure><div class=\"wp-block-media-text__content\">\n<div class=\"wp-block-group\"><div class=\"wp-block-group__inner-container is-layout-flow wp-block-group-is-layout-flow\">\n<blockquote class=\"wp-block-quote is-style-default has-medium-font-size is-layout-flow wp-block-quote-is-layout-flow\">\n<p>Entretenez votre chaudi\u00e8re une fois par an \u00e9vitera les pannes, une dur\u00e9e de vie plus longue.<\/p>\n\n\n\n<p>B\u00e9n\u00e9ficiez de notre savoir-faire pour vos entretiens. Professionnels et dynamiques, vous garantit une bonne prestation, nettoyage des composants et la v\u00e9rification de l&#8217;\u00e9tat g\u00e9n\u00e9ral de l&#8217;appareil.<\/p>\n<\/blockquote>\n<\/div><\/div>\n<\/div><\/div>\n\n\n\n<div class=\"wp-block-buttons is-content-justification-center is-layout-flex wp-container-core-buttons-is-layout-16018d1d wp-block-buttons-is-layout-flex\">\n<div class=\"wp-block-button has-custom-font-size is-style-outline has-medium-font-size is-style-outline--1\"><a class=\"wp-block-button__link wp-element-button\">Votre attestation \u00e0<strong>&nbsp;9,58 \u20ac<\/strong> mois  <\/a><\/div>\n<\/div>\n\n\n\n<div style=\"height:20px\" aria-hidden=\"true\" class=\"wp-block-spacer\"><\/div>\n\n\n\n<div class=\"wp-block-buttons is-content-justification-center is-layout-flex wp-container-core-buttons-is-layout-16018d1d wp-block-buttons-is-layout-flex\">\n<div class=\"wp-block-button has-custom-font-size has-large-font-size\"><a class=\"wp-block-button__link has-vivid-green-cyan-background-color has-background wp-element-button\"><strong>115,00&nbsp;\u20ac&nbsp;an<\/strong><\/a><\/div>\n<\/div>\n\n\n\n<div style=\"height:29px\" aria-hidden=\"true\" class=\"wp-block-spacer\"><\/div>\n\n\n\n<p class=\"has-text-align-center\">L&#8217;entretien chaudi\u00e8re sans engagement <\/p>\n\n\n\n<p class=\"has-text-align-center\"><strong>une attestation vous sera d\u00e9livr\u00e9e<\/strong><\/p>\n\n\n\n<p class=\"has-text-align-center\">Pantin et proximit\u00e9s <\/p>\n\n\n\n<h2 class=\"wp-block-heading has-text-align-center\">Chauffagiste prestation et services d&#8217;entretien chaudi\u00e8re <\/h2>\n\n\n\n<div class=\"wp-block-columns alignfull has-text-color has-background is-layout-flex wp-container-core-columns-is-layout-9d6595d7 wp-block-columns-is-layout-flex\" style=\"color:#000000;background-color:#ffffff\">\n<div class=\"wp-block-column is-layout-flow wp-block-column-is-layout-flow\">\n<h3 class=\"wp-block-heading\"><strong>Prestations<\/strong><\/h3>\n\n\n\n<div class=\"wp-block-group\"><div class=\"wp-block-group__inner-container is-layout-flow wp-block-group-is-layout-flow\">\n<blockquote class=\"wp-block-quote is-layout-flow wp-block-quote-is-layout-flow\">\n<p>Nettoyage du corps de chauffe<\/p>\n\n\n\n<p>Nettoyage du bruleur, la veilleuse, extracteur<\/p>\n\n\n\n<p>Contr\u00f4le \u200bmonoxyde de carbone<\/p>\n\n\n\n<p>V\u00e9rification et r\u00e9glage des organes et r\u00e9gulation<\/p>\n\n\n\n<p>V\u00e9rification du circulateur, des dispositifs de s\u00e9curit\u00e9<\/p>\n\n\n\n<p>R\u00e9glage et analyse de la combustion<\/p>\n\n\n\n<p>Mesure du monoxyde de carbone ambiant<\/p>\n\n\n\n<p>Vacuit\u00e9 du conduit de la chemin\u00e9e<\/p>\n<\/blockquote>\n<\/div><\/div>\n<\/div>\n\n\n\n<div class=\"wp-block-column is-layout-flow wp-block-column-is-layout-flow\">\n<h3 class=\"wp-block-heading\"><strong>Services apr\u00e8s entretien<\/strong><\/h3>\n\n\n\n<blockquote class=\"wp-block-quote is-layout-flow wp-block-quote-is-layout-flow\">\n<p>Deux d\u00e9placements sur 12 mois offerts en cas de pannes<\/p>\n\n\n\n<p>Diagnostic de la panne, un devis de r\u00e9paration vous sera \u00e9tabli sur place sans engagement.<\/p>\n\n\n\n<p>Rappel automatique de votre visite entretien<\/p>\n\n\n\n<p>D\u00e9pannages sous 48H<\/p>\n<\/blockquote>\n<\/div>\n<\/div>\n\n\n\n<div class=\"wp-block-buttons is-content-justification-center is-layout-flex wp-container-core-buttons-is-layout-16018d1d wp-block-buttons-is-layout-flex\">\n<div class=\"wp-block-button has-custom-font-size is-style-outline has-medium-font-size is-style-outline--2\"><a class=\"wp-block-button__link wp-element-button\" href=\"https:\/\/plombier-regis.xyz\/index.php\/contacts\/\" target=\"_blank\" rel=\"noreferrer noopener\">Prendre rendez-vous<\/a><\/div>\n<\/div>\n\n\n\n<div style=\"height:40px\" aria-hidden=\"true\" class=\"wp-block-spacer\"><\/div>\n\n\n\n<h4 class=\"wp-block-heading\"><strong>Entretien chaudi\u00e8res&nbsp;: quelles sont les r\u00e8gles&nbsp;?<\/strong><\/h4>\n\n\n\n<h5 class=\"wp-block-heading\"><strong>Objectifs vis\u00e9s<\/strong><\/h5>\n\n\n\n<blockquote class=\"wp-block-quote is-layout-flow wp-block-quote-is-layout-flow\">\n<p>L&#8217;entretien d&#8217;une chaudi\u00e8re a pour but essentiel d&#8217;\u00e9viter les risques d&#8217;intoxication au monoxyde de carbone.<\/p>\n\n\n\n<p>Ce gaz est invisible et inodore. Il provoque des maux de t\u00eate, des naus\u00e9es et des vertiges et peut \u00eatre mortel.<\/p>\n\n\n\n<p>Il est caus\u00e9 par un appareil mal entretenu associ\u00e9 \u00e0 une mauvaise a\u00e9ration du logement.<\/p>\n\n\n\n<p>&nbsp;\u00c0 savoir :&nbsp;en cas de soup\u00e7on d&#8217;intoxication, il faut a\u00e9rer les locaux, arr\u00eater les appareils \u00e0 combustion et appeler les secours.&nbsp;<\/p>\n\n\n\n<p>(SUITE BAS)<\/p>\n<\/blockquote>\n\n\n\n<blockquote class=\"wp-block-quote is-layout-flow wp-block-quote-is-layout-flow\">\n<p>Objectifs vis\u00e9s<\/p>\n\n\n\n<p>Chaudi\u00e8res concern\u00e9es<\/p>\n\n\n\n<p>Initiative&nbsp;de&nbsp;l&#8217;entretien<\/p>\n\n\n\n<p>R\u00e9alisation de l&#8217;entretien<\/p>\n\n\n\n<p>Sanctions en cas de non-respect<\/p>\n\n\n\n<p>Textes de r\u00e9f\u00e9rence<\/p>\n<\/blockquote>\n\n\n\n<h5 class=\"wp-block-heading\"><strong>Chaudi\u00e8res concern\u00e9es<\/strong><\/h5>\n\n\n\n<blockquote class=\"wp-block-quote is-layout-flow wp-block-quote-is-layout-flow\">\n<p>Toute chaudi\u00e8re dont la puissance est comprise entre 4 et 400 kilowatts doit faire l&#8217;objet d&#8217;un entretien tous les ans.<\/p>\n<\/blockquote>\n\n\n\n<p>Ceci concerne les chaudi\u00e8res&nbsp;:<\/p>\n\n\n\n<blockquote class=\"wp-block-quote is-layout-flow wp-block-quote-is-layout-flow\">\n<p>au fioul,<\/p>\n\n\n\n<p>au gaz,<\/p>\n\n\n\n<p>au bois,<\/p>\n\n\n\n<p>au charbon,<\/p>\n\n\n\n<p>multi combustibles.<\/p>\n<\/blockquote>\n\n\n\n<h5 class=\"wp-block-heading\"><strong>Initiative&nbsp;de&nbsp;l&#8217;entretien<\/strong><\/h5>\n\n\n\n<blockquote class=\"wp-block-quote is-layout-flow wp-block-quote-is-layout-flow\">\n<p>Le locataire doit faire entretenir la chaudi\u00e8re de son appartement ou de sa maison tous les ans, sauf si le bail pr\u00e9voit que cette obligation appartient au propri\u00e9taire du logement.<\/p>\n<\/blockquote>\n\n\n\n<blockquote class=\"wp-block-quote is-layout-flow wp-block-quote-is-layout-flow\">\n<p>&nbsp;\u00c0 noter :&nbsp;en cas de chaudi\u00e8re collective, l&#8217;entretien est effectu\u00e9 \u00e0 l&#8217;initiative du bailleur ou du&nbsp;syndicat des copropri\u00e9taires&nbsp;de l&#8217;immeuble.<\/p>\n<\/blockquote>\n\n\n\n<h5 class=\"wp-block-heading\"><strong>R\u00e9alisation de l&#8217;entretien<\/strong><\/h5>\n\n\n\n<blockquote class=\"wp-block-quote is-layout-flow wp-block-quote-is-layout-flow\">\n<p>Pour r\u00e9aliser cet entretien, vous pouvez faire appel \u00e0 chaque ann\u00e9e \u00e0&nbsp;<a href=\"https:\/\/plombier-regis.xyz\/\" title=\"\">Plombier Chauffagiste R\u00e9gis<\/a>&nbsp;ou passer avec un contrat d&#8217;entretien.<\/p>\n\n\n\n<p>Cet entretien consiste en:<\/p>\n<\/blockquote>\n\n\n\n<blockquote class=\"wp-block-quote is-layout-flow wp-block-quote-is-layout-flow\">\n<p>En la v\u00e9rification de votre chaudi\u00e8re,<\/p>\n\n\n\n<p>Son nettoyage et son r\u00e9glage,<\/p>\n\n\n\n<p>Ainsi qu&#8217;une \u00e9valuation des polluants atmosph\u00e9riques.<\/p>\n<\/blockquote>\n\n\n\n<blockquote class=\"wp-block-quote is-layout-flow wp-block-quote-is-layout-flow\">\n<p>Nous vous remettons une attestation d&#8217;entretien dans un d\u00e9lai de 02 jours suivant notre visite.&nbsp;Ce document doit \u00eatre conserv\u00e9 pendant 2 ans au moins pour la pr\u00e9senter:<\/p>\n<\/blockquote>\n\n\n\n<h5 class=\"wp-block-heading\">En cas de demande de votre bailleur,<\/h5>\n\n\n\n<blockquote class=\"wp-block-quote is-layout-flow wp-block-quote-is-layout-flow\">\n<p>Ou de votre assurance en cas de sinistre.<\/p>\n<\/blockquote>\n\n\n\n<blockquote class=\"wp-block-quote is-layout-flow wp-block-quote-is-layout-flow\">\n<p>\u00c0 l&#8217;issue de l&#8217;entretien, nous vous donnons \u00e9galement des conseils:<\/p>\n<\/blockquote>\n\n\n\n<h2 class=\"wp-block-heading\">Sur le bon usage de la chaudi\u00e8re,<\/h2>\n\n\n\n<blockquote class=\"wp-block-quote is-layout-flow wp-block-quote-is-layout-flow\">\n<p>Les am\u00e9liorations possibles de l&#8217;ensemble de l&#8217;installation de chauffage,<\/p>\n\n\n\n<p>Et l&#8217;int\u00e9r\u00eat \u00e9ventuel du remplacement de la chaudi\u00e8re.<\/p>\n\n\n\n<p><strong>Sanctions en cas de non-respect<\/strong><\/p>\n\n\n\n<p>La r\u00e9glementation ne pr\u00e9voit pas de sanction p\u00e9nale en cas de d\u00e9faut d&#8217;entretien annuel. Aucune amende n&#8217;est donc applicable.<\/p>\n\n\n\n<p>Cependant, si vous quittez le logement sans avoir entretenu la chaudi\u00e8re, le bailleur peut retenir le montant de l&#8217;entretien sur le&nbsp;d\u00e9p\u00f4t de garantie.<\/p>\n\n\n\n<p>En cas d&#8217;accident avec une chaudi\u00e8re mal entretenue, l&#8217;assureur peut \u00e9galement refuser d&#8217;indemniser la personne concern\u00e9e.<\/p>\n\n\n\n<p><strong>Textes de r\u00e9f\u00e9rence<\/strong><\/p>\n\n\n\n<p>Code de l&#8217;environnement&nbsp;: articles R224-41-4 \u00e0 R224-41-9&nbsp;<\/p>\n<\/blockquote>\n\n\n\n<blockquote class=\"wp-block-quote is-layout-flow wp-block-quote-is-layout-flow\">\n<p>Caract\u00e9ristiques de l&#8217;entretien chaudi\u00e8re<\/p>\n<\/blockquote>\n\n\n\n<blockquote class=\"wp-block-quote is-layout-flow wp-block-quote-is-layout-flow\">\n<p>Arr\u00eat\u00e9 du 15 septembre 2009 relatif \u00e0 l&#8217;entretien annuel des chaudi\u00e8res&nbsp;<\/p>\n<\/blockquote>\n","protected":false},"excerpt":{"rendered":"<p>Chauffagiste Entretien chaudi\u00e8re \u00e0 gaz domestique L&#8217;entretien chaudi\u00e8re sans engagement une attestation vous sera d\u00e9livr\u00e9e Pantin et proximit\u00e9s Chauffagiste prestation et services d&#8217;entretien chaudi\u00e8re Prestations Nettoyage du corps de chauffe Nettoyage du bruleur, la veilleuse, extracteur Contr\u00f4le \u200bmonoxyde de carbone V\u00e9rification et r\u00e9glage des organes et r\u00e9gulation V\u00e9rification du circulateur, des dispositifs de s\u00e9curit\u00e9 R\u00e9glage [&hellip;]<\/p>\n","protected":false},"author":1,"featured_media":0,"parent":0,"menu_order":0,"comment_status":"closed","ping_status":"closed","template":"templates\/template-page-full-width.php","meta":{"_uag_custom_page_level_css":"","_monsterinsights_skip_tracking":false,"_monsterinsights_sitenote_active":false,"_monsterinsights_sitenote_note":"","_monsterinsights_sitenote_category":0,"jetpack_post_was_ever_published":false,"footnotes":""},"class_list":["post-1067","page","type-page","status-publish","hentry"],"aioseo_notices":[],"uagb_featured_image_src":{"full":false,"thumbnail":false,"medium":false,"medium_large":false,"large":false,"1536x1536":false,"2048x2048":false},"uagb_author_info":{"display_name":"REGIS","author_link":"https:\/\/plombier-regis.xyz\/index.php\/author\/jmultishops\/"},"uagb_comment_info":0,"uagb_excerpt":"Chauffagiste Entretien chaudi\u00e8re \u00e0 gaz domestique L&#8217;entretien chaudi\u00e8re sans engagement une attestation vous sera d\u00e9livr\u00e9e Pantin et proximit\u00e9s Chauffagiste prestation et services d&#8217;entretien chaudi\u00e8re Prestations Nettoyage du corps de chauffe Nettoyage du bruleur, la veilleuse, extracteur Contr\u00f4le \u200bmonoxyde de carbone V\u00e9rification et r\u00e9glage des organes et r\u00e9gulation V\u00e9rification du circulateur, des dispositifs de s\u00e9curit\u00e9 R\u00e9glage\u2026","jetpack-related-posts":[{"id":314,"url":"https:\/\/plombier-regis.xyz\/index.php\/chauffagiste\/","url_meta":{"origin":1067,"position":0},"title":"Chauffagiste","author":"REGIS","date":"05\/04\/2022","format":false,"excerpt":"Chauffagiste Pantin et proximit\u00e9 Installation R\u00e9novation R\u00e9paration Entretien Chauffagiste Assurent l\u2019installation la r\u00e9paration de tous types de chauffage. Que ce soit pour une installation neuf ou r\u00e9novations, remplacement d\u2019appareils, entretiens chaudi\u00e8re a gaz. Nous contacter InstallationQue ce soit pour la modification d\u2019installations Existantes ou La cr\u00e9ation d\u2019installations, nous r\u00e9alisons votre\u2026","rel":"","context":"Article similaire","block_context":{"text":"Article similaire","link":""},"img":{"alt_text":"Pose chaudi\u00e8re a gaz","src":"https:\/\/i0.wp.com\/plombier-regis.xyz\/wp-content\/uploads\/2022\/04\/IMG_1521.jpeg?resize=350%2C200","width":350,"height":200,"srcset":"https:\/\/i0.wp.com\/plombier-regis.xyz\/wp-content\/uploads\/2022\/04\/IMG_1521.jpeg?resize=350%2C200 1x, https:\/\/i0.wp.com\/plombier-regis.xyz\/wp-content\/uploads\/2022\/04\/IMG_1521.jpeg?resize=525%2C300 1.5x, https:\/\/i0.wp.com\/plombier-regis.xyz\/wp-content\/uploads\/2022\/04\/IMG_1521.jpeg?resize=700%2C400 2x, https:\/\/i0.wp.com\/plombier-regis.xyz\/wp-content\/uploads\/2022\/04\/IMG_1521.jpeg?resize=1050%2C600 3x, https:\/\/i0.wp.com\/plombier-regis.xyz\/wp-content\/uploads\/2022\/04\/IMG_1521.jpeg?resize=1400%2C800 4x"},"classes":[]},{"id":1829,"url":"https:\/\/plombier-regis.xyz\/index.php\/contacts-whatsapp\/","url_meta":{"origin":1067,"position":1},"title":"Contacts whatsapp","author":"REGIS","date":"15\/10\/2023","format":false,"excerpt":"Contacts whatsapp Plombier R\u00e9gis Fuite d'eau\u2197 Plombier Vous avez un robinet qui ne s\u2019\u00e9teint pas, Conduite d\u2019eau crev\u00e9e, Une humidit\u00e9 inexpliqu\u00e9e dans votre maison, Conduite d\u2019eau qui fuit, Fuite du tuyau, fuite d\u2019eau. Demande sur WhatsApp Robinet\u2197 Des gouttes aux fuites en passant par la faible pression d\u2019eau. Nos plombier\u2026","rel":"","context":"Article similaire","block_context":{"text":"Article similaire","link":""},"img":{"alt_text":"joint","src":"https:\/\/i0.wp.com\/plombier-regis.xyz\/wp-content\/uploads\/2022\/06\/plombier-remplacement-joint-sur-appareils-sanitaire-scaled.jpg?resize=350%2C200","width":350,"height":200,"srcset":"https:\/\/i0.wp.com\/plombier-regis.xyz\/wp-content\/uploads\/2022\/06\/plombier-remplacement-joint-sur-appareils-sanitaire-scaled.jpg?resize=350%2C200 1x, https:\/\/i0.wp.com\/plombier-regis.xyz\/wp-content\/uploads\/2022\/06\/plombier-remplacement-joint-sur-appareils-sanitaire-scaled.jpg?resize=525%2C300 1.5x, https:\/\/i0.wp.com\/plombier-regis.xyz\/wp-content\/uploads\/2022\/06\/plombier-remplacement-joint-sur-appareils-sanitaire-scaled.jpg?resize=700%2C400 2x, https:\/\/i0.wp.com\/plombier-regis.xyz\/wp-content\/uploads\/2022\/06\/plombier-remplacement-joint-sur-appareils-sanitaire-scaled.jpg?resize=1050%2C600 3x, https:\/\/i0.wp.com\/plombier-regis.xyz\/wp-content\/uploads\/2022\/06\/plombier-remplacement-joint-sur-appareils-sanitaire-scaled.jpg?resize=1400%2C800 4x"},"classes":[]},{"id":2720,"url":"https:\/\/plombier-regis.xyz\/index.php\/plombier-chauffagiste-regis-2\/","url_meta":{"origin":1067,"position":2},"title":"Plombier Chauffagiste r\u00e9gis","author":"REGIS","date":"06\/07\/2024","format":false,"excerpt":"Sp\u00e9cialiste en plomberie et chauffage \u00e0 Pantin et ses alentours. Contactez-nous sur WhatsApp En tant que plombier chauffagiste \u00e0 Pantin. Tout d'abord, b\u00e9n\u00e9ficier d'une exp\u00e9rience cumul\u00e9e de plus de 30 ans dans les domaines de la r\u00e9paration, la r\u00e9novation, l'installation et l'entretien. Nous nous engageons \u00e0 r\u00e9pondre aux attentes de\u2026","rel":"","context":"Article similaire","block_context":{"text":"Article similaire","link":""},"img":{"alt_text":"plombier chauffagiste r\u00e9novation installation entretien r\u00e9paration","src":"https:\/\/i0.wp.com\/plombier-regis.xyz\/wp-content\/uploads\/2022\/04\/IMG_1742.jpeg?resize=350%2C200","width":350,"height":200,"srcset":"https:\/\/i0.wp.com\/plombier-regis.xyz\/wp-content\/uploads\/2022\/04\/IMG_1742.jpeg?resize=350%2C200 1x, https:\/\/i0.wp.com\/plombier-regis.xyz\/wp-content\/uploads\/2022\/04\/IMG_1742.jpeg?resize=525%2C300 1.5x, https:\/\/i0.wp.com\/plombier-regis.xyz\/wp-content\/uploads\/2022\/04\/IMG_1742.jpeg?resize=700%2C400 2x, https:\/\/i0.wp.com\/plombier-regis.xyz\/wp-content\/uploads\/2022\/04\/IMG_1742.jpeg?resize=1050%2C600 3x, https:\/\/i0.wp.com\/plombier-regis.xyz\/wp-content\/uploads\/2022\/04\/IMG_1742.jpeg?resize=1400%2C800 4x"},"classes":[]},{"id":447,"url":"https:\/\/plombier-regis.xyz\/index.php\/notre-galerie-photos\/","url_meta":{"origin":1067,"position":3},"title":"Notre\u00a0galerie photos","author":"REGIS","date":"16\/04\/2022","format":false,"excerpt":"Notre galerie photos Notre galerie photos R\u00e9paration Installation R\u00e9novation Entretien Remplacement appareils sanitaire chauffe eau \ud83d\udca6chaudi\u00e8re \ud83d\udd25 Installation Nos r\u00e9alisations R\u00e9novation Nos r\u00e9alisations D\u00e9pannage Nos r\u00e9alisations Entretien Nos r\u00e9alisations Installation R\u00e9novation D\u00e9pannage Entretien","rel":"","context":"Article similaire","block_context":{"text":"Article similaire","link":""},"img":{"alt_text":"galerie photos chauffagiste","src":"https:\/\/i0.wp.com\/plombier-regis.xyz\/wp-content\/uploads\/2022\/04\/IMG_9136.jpeg?resize=350%2C200&ssl=1","width":350,"height":200,"srcset":"https:\/\/i0.wp.com\/plombier-regis.xyz\/wp-content\/uploads\/2022\/04\/IMG_9136.jpeg?resize=350%2C200&ssl=1 1x, https:\/\/i0.wp.com\/plombier-regis.xyz\/wp-content\/uploads\/2022\/04\/IMG_9136.jpeg?resize=525%2C300&ssl=1 1.5x, https:\/\/i0.wp.com\/plombier-regis.xyz\/wp-content\/uploads\/2022\/04\/IMG_9136.jpeg?resize=700%2C400&ssl=1 2x, https:\/\/i0.wp.com\/plombier-regis.xyz\/wp-content\/uploads\/2022\/04\/IMG_9136.jpeg?resize=1050%2C600&ssl=1 3x, https:\/\/i0.wp.com\/plombier-regis.xyz\/wp-content\/uploads\/2022\/04\/IMG_9136.jpeg?resize=1400%2C800&ssl=1 4x"},"classes":[]},{"id":2435,"url":"https:\/\/plombier-regis.xyz\/index.php\/pantin-93500\/","url_meta":{"origin":1067,"position":4},"title":"Pantin 93500","author":"REGIS","date":"09\/05\/2024","format":false,"excerpt":"Sp\u00e9cialiste en plomberie et chauffage \u00e0 Pantin et ses alentours. Contactez-nous sur WhatsApp En tant que plombier chauffagiste \u00e0 Pantin. Tout d'abord, b\u00e9n\u00e9ficier d'une exp\u00e9rience cumul\u00e9e de plus de 30 ans dans les domaines de la r\u00e9paration, la r\u00e9novation, l'installation et l'entretien. Nous nous engageons \u00e0 r\u00e9pondre aux attentes de\u2026","rel":"","context":"Article similaire","block_context":{"text":"Article similaire","link":""},"img":{"alt_text":"plombier chauffagiste r\u00e9novation installation entretien r\u00e9paration","src":"https:\/\/i0.wp.com\/plombier-regis.xyz\/wp-content\/uploads\/2022\/04\/IMG_1742.jpeg?resize=350%2C200","width":350,"height":200,"srcset":"https:\/\/i0.wp.com\/plombier-regis.xyz\/wp-content\/uploads\/2022\/04\/IMG_1742.jpeg?resize=350%2C200 1x, https:\/\/i0.wp.com\/plombier-regis.xyz\/wp-content\/uploads\/2022\/04\/IMG_1742.jpeg?resize=525%2C300 1.5x, https:\/\/i0.wp.com\/plombier-regis.xyz\/wp-content\/uploads\/2022\/04\/IMG_1742.jpeg?resize=700%2C400 2x, https:\/\/i0.wp.com\/plombier-regis.xyz\/wp-content\/uploads\/2022\/04\/IMG_1742.jpeg?resize=1050%2C600 3x, https:\/\/i0.wp.com\/plombier-regis.xyz\/wp-content\/uploads\/2022\/04\/IMG_1742.jpeg?resize=1400%2C800 4x"},"classes":[]},{"id":2633,"url":"https:\/\/plombier-regis.xyz\/index.php\/paris-75019\/","url_meta":{"origin":1067,"position":5},"title":"Paris 75019","author":"REGIS","date":"09\/05\/2024","format":false,"excerpt":"Sp\u00e9cialiste en plomberie et chauffage \u00e0 Paris 19 et ses alentours. Contactez-nous sur WhatsApp En tant que plombier chauffagiste \u00e0 Paris 19. Tout d'abord, b\u00e9n\u00e9ficier d'une exp\u00e9rience cumul\u00e9e de plus de 30 ans dans les domaines de la r\u00e9paration, la r\u00e9novation, l'installation et l'entretien. Nous nous engageons \u00e0 r\u00e9pondre aux\u2026","rel":"","context":"Article similaire","block_context":{"text":"Article similaire","link":""},"img":{"alt_text":"plombier chauffagiste r\u00e9novation installation entretien r\u00e9paration","src":"https:\/\/i0.wp.com\/plombier-regis.xyz\/wp-content\/uploads\/2022\/04\/IMG_1742.jpeg?resize=350%2C200","width":350,"height":200,"srcset":"https:\/\/i0.wp.com\/plombier-regis.xyz\/wp-content\/uploads\/2022\/04\/IMG_1742.jpeg?resize=350%2C200 1x, https:\/\/i0.wp.com\/plombier-regis.xyz\/wp-content\/uploads\/2022\/04\/IMG_1742.jpeg?resize=525%2C300 1.5x, https:\/\/i0.wp.com\/plombier-regis.xyz\/wp-content\/uploads\/2022\/04\/IMG_1742.jpeg?resize=700%2C400 2x, https:\/\/i0.wp.com\/plombier-regis.xyz\/wp-content\/uploads\/2022\/04\/IMG_1742.jpeg?resize=1050%2C600 3x, https:\/\/i0.wp.com\/plombier-regis.xyz\/wp-content\/uploads\/2022\/04\/IMG_1742.jpeg?resize=1400%2C800 4x"},"classes":[]}],"jetpack_sharing_enabled":true,"jetpack_likes_enabled":true,"_links":{"self":[{"href":"https:\/\/plombier-regis.xyz\/index.php\/wp-json\/wp\/v2\/pages\/1067","targetHints":{"allow":["GET"]}}],"collection":[{"href":"https:\/\/plombier-regis.xyz\/index.php\/wp-json\/wp\/v2\/pages"}],"about":[{"href":"https:\/\/plombier-regis.xyz\/index.php\/wp-json\/wp\/v2\/types\/page"}],"author":[{"embeddable":true,"href":"https:\/\/plombier-regis.xyz\/index.php\/wp-json\/wp\/v2\/users\/1"}],"replies":[{"embeddable":true,"href":"https:\/\/plombier-regis.xyz\/index.php\/wp-json\/wp\/v2\/comments?post=1067"}],"version-history":[{"count":28,"href":"https:\/\/plombier-regis.xyz\/index.php\/wp-json\/wp\/v2\/pages\/1067\/revisions"}],"predecessor-version":[{"id":1888,"href":"https:\/\/plombier-regis.xyz\/index.php\/wp-json\/wp\/v2\/pages\/1067\/revisions\/1888"}],"wp:attachment":[{"href":"https:\/\/plombier-regis.xyz\/index.php\/wp-json\/wp\/v2\/media?parent=1067"}],"curies":[{"name":"wp","href":"https:\/\/api.w.org\/{rel}","templated":true}]}}